?
-280
In base 6, what is -10 - 20?
-30
In base 8, what is -7360 + -2?
-7362
In base 10, what is -3816 + 4?
-3812
In base 15, what is 1ad - -5?
1b3
In base 7, what is 0 + 160?
160
In base 10, what is 738 + 1?
739
In base 5, what is 0 - -111?
111
In base 13, what is -3a + -6?
-43
In base 3, what is 1101011 - 110?
1100201
In base 15, what is 1 - -13?
14
In base 4, what is 2333 - -11?
3010
In base 8, what is -76 + 21?
-55
In base 13, what is -1 - -4c0?
4bc
In base 10, what is -3 + -172?
-175
In base 7, what is -13 + 6363?
6350
In base 15, what is 4 - -6a6?
6aa
In base 16, what is 3 + -1a2c?
-1a29
In base 16, what is 3 + -3a?
-37
In base 5, what is 33 + -13?
20
In base 6, what is -4145 + -1?
-4150
In base 10, what is 20 + 3?
23
In base 13, what is b9 - 0?
b9
In base 11, what is 3aa + 5?
404
In base 6, what is -245 + 10?
-235
In base 14, what is -d6 - 6?
-dc
In base 11, what is -385 + -4?
-389
In base 3, what is 20 - -101?
121
In base 9, what is 63 + -4?
58
In base 14, what is -9a - 10?
-aa
In base 13, what is 329 - -6?
332
In base 11, what is 74 - -7?
80
In base 13, what is -26 + 9?
-1a
In base 11, what is -2 + -24?
-26
In base 14, what is -162 - -8?
-158
In base 9, what is -242 + -2?
-244
In base 14, what is -5 - -99?
94
In base 10, what is 2 - 758?
-756
In base 16, what is -202 + -2?
-204
In base 16, what is -327 + 2?
-325
In base 16, what is 0 - -37d?
37d
In base 14, what is -8d - 9?
-98
In base 8, what is 5 - -13776?
14003
In base 10, what is -854 - 4?
-858
In base 16, what is 38e + 3?
391
In base 7, what is 51 + 320?
401
In base 3, what is 2110 + -211?
1122
In base 10, what is 60 + 2?
62
In base 16, what is e + -ac?
-9e
In base 6, what is 222 + -13?
205
In base 12, what is 5b11 + -2?
5b0b
In base 7, what is -42 + 4?
-35
In base 2, what is -10101110111 - 1?
-10101111000
In base 13, what is 8c8 + 1?
8c9
In base 9, what is -255 + 2?
-253
In base 3, what is 12 - 22?
-10
In base 14, what is c + -45?
-37
In base 13, what is -127 + -b?
-135
In base 16, what is 2 + e2b?
e2d
In base 9, what is 3 + 16?
20
In base 5, what is -3240 - 10?
-3300
In base 14, what is 9 + -107?
-dc
In base 10, what is 1 + -1668?
-1667
In base 4, what is -2011031 - -1?
-2011030
In base 15, what is 53 + -17?
3b
In base 9, what is 1 - 666?
-665
In base 12, what is 429 - -1b?
448
In base 4, what is -21202 - -1?
-21201
In base 10, what is -41 + 16?
-25
In base 14, what is -6 + 765?
75d
In base 4, what is 133 - 1030?
-231
In base 10, what is -165 - 1?
-166
In base 8, what is 1124 + -5?
1117
In base 4, what is 3 + -300?
-231
In base 9, what is 52 - -11?
63
In base 3, what is 112 + -111100?
-110211
In base 8, what is -15 - 37?
-54
In base 8, what is -3 - 733?
-736
In base 13, what is 28b + -3?
288
In base 13, what is -2 + a03?
a01
In base 12, what is 5 - -762?
767
In base 10, what is 267 - 5?
262
In base 6, what is 153 - -22?
215
In base 7, what is 3 + 1135?
1141
In base 2, what is -1 + -10000101?
-10000110
In base 8, what is -4 - -4131?
4125
In base 5, what is 10312 - -1?
10313
In base 15, what is b0 - 0?
b0
In base 8, what is 5 + 25?
32
In base 3, what is -100020 - -101?
-22212
In base 10, what is -3 + -126?
-129
In base 15, what is -1 - -4b8?
4b7
In base 13, what is 0 - 233?
-233
In base 15, what is -3 + -70a?
-70d
In base 9, what is 81 - 33?
47
In base 3, what is -2010 + 2?
-2001
In base 2, what is -110 + 101000?
100010
In base 16, what is -4 + -10?
-14
In base 14, what is 5 + 42?
47
In base 9, what is -24652 - 0?
-24652
In base 8, what is -3 - 2637?
-2642
In base 5, what is -22 - -4320?
4243
In base 4, what is -2 - -310?
302
In base 4, what is 111032 - 11?
111021
In base 3, what is -101221 + 20?
-101201
In base 14, what is 134 + 8?
13c
In base 3, what is 1 - 1221102?
-1221101
In base 10, what is 3 + -373?
-370
In base 2, what is -10000001111 - -100?
-10000001011
In base 11, what is 4 - 143?
-13a
In base 16, what is -19 + 4?
-15
In base 4, what is 232 - 2?
230
In base 15, what is 2486 - -4?
248a
In base 15, what is -726 - -2?
-724
In base 7, what is 441 + 1?
442
In base 3, what is 21 + -121121?
-121100
In base 8, what is -113 + 42?
-51
In base 3, what is -101222001 - 12?
-101222020
In base 14, what is -744 + -6?
-74a
In base 2, what is -1 - 11100?
-11101
In base 11, what is -2 + -550?
-552
In base 10, what is 12 + -47?
-35
In base 4, what is -2 - 11?
-13
In base 10, what is 19 - -173?
192
In base 16, what is cc + 4?
d0
In base 10, what is 137 + 4?
141
In base 10, what is 7 - -34?
41
In base 8, what is -171 + 0?
-171
In base 5, what is -1 + 113?
112
In base 9, what is -4 - -414?
410
In base 5, what is -412 - -22?
-340
In base 13, what is 63 + 4?
67
In base 7, what is 14 + -321?
-304
In base 2, what is 11 + -10110?
-10011
In base 4, what is 10 - 332?
-322
In base 12, what is 24 - -228?
250
In base 10, what is -2249 + -4?
-2253
In base 6, what is 5 - -11?
20
In base 3, what is 2021 + 1101?
10122
In base 4, what is -10202 - -102?
-10100
In base 15, what is 5 - -4?
9
In base 6, what is 5551 - -5?
10000
In base 14, what is -298 + -2?
-29a
In base 4, what is -1 + -1312?
-1313
In base 16, what is 3 - -75?
78
In base 7, what is 352 + 61?
443
In base 16, what is a4 + -3?
a1
In base 2, what is -100 + 10100001?
10011101
In base 10, what is -156 - 2?
-158
In base 10, what is -132 - 7?
-139
In base 10, what is 1 - 416?
-415
In base 12, what is -4 - 1b?
-23
In base 13, what is -cc - 1?
-100
In base 4, what is -3 - -13013?
13010
In base 4, what is 10 - 33120?
-33110
In base 13, what is -6 - 7c?
-85
In base 2, what is 100101 - -1101?
110010
In base 14, what is 3 - -719?
71c
In base 2, what is -1011 + -110?
-10001
In base 3, what is 220212 + -11?
220201
In base 8, what is 3272 - -5?
3277
In base 2, what is -101 - 100100?
-101001
In base 9, what is -4 + -21?
-25
In base 15, what is -28 + 4e?
26
In base 10, what is 1 + -70?
-69
In base 16, what is 2 - -121?
123
In base 8, what is 415 - -22?
437
In base 4, what is -102132 + 2?
-102130
In base 6, what is 134 + 31?
205
In base 7, what is 31 - 640?
-606
In base 16, what is 2 - 5e5?
-5e3
In base 5, what is 114 - -11211?
11330
In base 3, what is -11100020 - -10?
-11100010
In base 12, what is 1960 + -5?
1957
In base 11, what is -16 - -14?
-2
In base 5, what is -10 - -13?
3
In base 2, what is 101011010 + 1000?
101100010
In base 12, what is 6 - 4?
2
In base 12, what is -45 + 93?
4a
In base 3, what is -201 - -1010?
102
In base 11, what is 1aa + 1a?
219
In base 8, what is 3 + 127?
132
In base 8, what is 0 - 130?
-130
In base 8, what is 24 - 15?
7
In base 2, what is 101010111 - -11?
101011010
In base 10, what is 1892 - -13?
1905
In base 10, what is -1419 + 7?
-1412
In base 11, what is 12 + -394?
-382
In base 4, what is -31 + -200?
-231
In base 7, what is 1 + -31503?
-31502
In base 11, what is -aa4 - 0?
-aa4
In base 10, what is 5820 - -4?
5824
In base 6, what is -1 - -2345?
2344
In base 5, what is 10 + 13422?
13432
In base 13, what is -3 - -a86?
a83
In base 16, what is 15df - -3?
15e2
In base 14, what is 178 + -1?
177
In base 13, what is ac + -2?
aa
In base 4, what is -3 - 132102?
-132111
In base 8, what is -1256 + -1?
-1257
In base 12, what is 679 + 2?
67b
In base 4, what is -3 - -121333?
121330
In base 12, what is 9 + b9?
106
In base 5, what is 42122 + -2?
42120
In base 3, what is 20002 - 2021?
10211
In base 13, what is 259 - -5?
261
In base 4, what is 11 - -1321233?
1321310
In base 13, what is 12b0 + -5?
12a8
In base 11, what is -1 - -65?
64
In base 7, what is 4545 + 1?
4546
In base 13, what is 3 - 6b?
-68
In base 9, what is -26741 - -3?
-26737
In base 4, what is -1 - 2002?
-2003
In base 14, what is -2ac + d?
-29d
In base 13, what is -1b3 + a?
-1a6
In base 7, what is 16514 - -3?
16520
In base 13, what is -4 - c79?
-c80
In base 12, what is -378b - 0?
-378b
In base 15, what is -1d7 + 0?
-1d7
In base 4, what is 1 + -221010?
-221003
In base 4, what is -2 - -1?
-1
In base 12, what is 1312 - -3?
1315
In base 11, what is 6 - -1a?
25
In base 14, what is -1 + -1735?
-1736
In base 4, what is -10130 + -3?
-10133
In base 9, what is -13 + 4?
-8
In base 10, what is -147 + 5?
-142
In base 14, what is 5 + 107?
10c
In base 12, what is -2 + -39?
-3b
In base 11, what is -14396 + -2?
-14398
In base 12, what is 74 - -1?
75
In base 10, what is -18 - 1611?
-1629
In base 12, wh